{"id":1104,"date":"2023-06-13T12:41:06","date_gmt":"2023-06-13T12:41:06","guid":{"rendered":"https:\/\/masquefarmacia.org\/?page_id=1104"},"modified":"2024-07-09T11:43:54","modified_gmt":"2024-07-09T11:43:54","slug":"estatutos-plan-estrategico-mision-vision-y-valores","status":"publish","type":"page","link":"https:\/\/masquefarmacia.org\/index.php\/estatutos-plan-estrategico-mision-vision-y-valores\/","title":{"rendered":"Estatutos, Plan estrat\u00e9gico, Misi\u00f3n, Visi\u00f3n y Valores"},"content":{"rendered":"\n<div data-wp-interactive=\"core\/file\" class=\"wp-block-file\"><object data-wp-bind--hidden=\"!state.hasPdfPreview\" hidden class=\"wp-block-file__embed\" data=\"https:\/\/masquefarmacia.org\/wp-content\/uploads\/2023\/06\/PLAN-ESTRATEGICO-2022-24-QFARMACIA.pdf\" type=\"application\/pdf\" style=\"width:100%;height:600px\" aria-label=\"Incrustado de PLAN-ESTRATEGICO-2022-24-QFARMACIA.\"><\/object><a id=\"wp-block-file--media-2582f94a-53b0-4dda-9b84-5ba1e2dbfe08\" href=\"https:\/\/masquefarmacia.org\/wp-content\/uploads\/2023\/06\/PLAN-ESTRATEGICO-2022-24-QFARMACIA.pdf\">PLAN-ESTRATEGICO-2022-24-QFARMACIA<\/a><a href=\"https:\/\/masquefarmacia.org\/wp-content\/uploads\/2023\/06\/PLAN-ESTRATEGICO-2022-24-QFARMACIA.pdf\" class=\"wp-block-file__button wp-element-button\" download aria-describedby=\"wp-block-file--media-2582f94a-53b0-4dda-9b84-5ba1e2dbfe08\">Descarga<\/a><\/div>\n\n\n\n<div data-wp-interactive=\"core\/file\" class=\"wp-block-file\"><object data-wp-bind--hidden=\"!state.hasPdfPreview\" hidden class=\"wp-block-file__embed\" data=\"https:\/\/masquefarmacia.org\/wp-content\/uploads\/2024\/07\/QF-estatutos_registrados-con-registro-de-inscripcion-23-11-2022.pdf\" type=\"application\/pdf\" style=\"width:100%;height:600px\" aria-label=\"Incrustado de QF-estatutos_registrados-con-registro-de-inscripcion-23-11-2022.\"><\/object><a id=\"wp-block-file--media-d2946607-d0ff-4f44-9582-9658cf1c0b40\" href=\"https:\/\/masquefarmacia.org\/wp-content\/uploads\/2024\/07\/QF-estatutos_registrados-con-registro-de-inscripcion-23-11-2022.pdf\">QF-estatutos_registrados-con-registro-de-inscripcion-23-11-2022<\/a><a href=\"https:\/\/masquefarmacia.org\/wp-content\/uploads\/2024\/07\/QF-estatutos_registrados-con-registro-de-inscripcion-23-11-2022.pdf\" class=\"wp-block-file__button wp-element-button\" download aria-describedby=\"wp-block-file--media-d2946607-d0ff-4f44-9582-9658cf1c0b40\">Descarga<\/a><\/div>\n\n\n\n<div data-wp-interactive=\"core\/file\" class=\"wp-block-file\"><object data-wp-bind--hidden=\"!state.hasPdfPreview\" hidden class=\"wp-block-file__embed\" data=\"https:\/\/masquefarmacia.org\/wp-content\/uploads\/2024\/07\/QF-certificado_alta-inscripcion-registro-nacional-asociaciones-23-11-2022.pdf\" type=\"application\/pdf\" style=\"width:100%;height:600px\" aria-label=\"Incrustado de QF-certificado_alta-inscripcion-registro-nacional-asociaciones-23-11-2022.\"><\/object><a id=\"wp-block-file--media-9c37460f-0b47-4436-a0fa-df33c8611d7f\" href=\"https:\/\/masquefarmacia.org\/wp-content\/uploads\/2024\/07\/QF-certificado_alta-inscripcion-registro-nacional-asociaciones-23-11-2022.pdf\">QF-certificado_alta-inscripcion-registro-nacional-asociaciones-23-11-2022<\/a><a href=\"https:\/\/masquefarmacia.org\/wp-content\/uploads\/2024\/07\/QF-certificado_alta-inscripcion-registro-nacional-asociaciones-23-11-2022.pdf\" class=\"wp-block-file__button wp-element-button\" download aria-describedby=\"wp-block-file--media-9c37460f-0b47-4436-a0fa-df33c8611d7f\">Descarga<\/a><\/div>\n","protected":false},"excerpt":{"rendered":"","protected":false},"author":2,"featured_media":0,"parent":0,"menu_order":0,"comment_status":"closed","ping_status":"closed","template":"","meta":{"_monsterinsights_skip_tracking":false,"_monsterinsights_sitenote_active":false,"_monsterinsights_sitenote_note":"","_monsterinsights_sitenote_category":0,"footnotes":""},"class_list":["post-1104","page","type-page","status-publish","hentry"],"aioseo_notices":[],"jetpack_sharing_enabled":true,"_links":{"self":[{"href":"https:\/\/masquefarmacia.org\/index.php\/wp-json\/wp\/v2\/pages\/1104","targetHints":{"allow":["GET"]}}],"collection":[{"href":"https:\/\/masquefarmacia.org\/index.php\/wp-json\/wp\/v2\/pages"}],"about":[{"href":"https:\/\/masquefarmacia.org\/index.php\/wp-json\/wp\/v2\/types\/page"}],"author":[{"embeddable":true,"href":"https:\/\/masquefarmacia.org\/index.php\/wp-json\/wp\/v2\/users\/2"}],"replies":[{"embeddable":true,"href":"https:\/\/masquefarmacia.org\/index.php\/wp-json\/wp\/v2\/comments?post=1104"}],"version-history":[{"count":5,"href":"https:\/\/masquefarmacia.org\/index.php\/wp-json\/wp\/v2\/pages\/1104\/revisions"}],"predecessor-version":[{"id":2720,"href":"https:\/\/masquefarmacia.org\/index.php\/wp-json\/wp\/v2\/pages\/1104\/revisions\/2720"}],"wp:attachment":[{"href":"https:\/\/masquefarmacia.org\/index.php\/wp-json\/wp\/v2\/media?parent=1104"}],"curies":[{"name":"wp","href":"https:\/\/api.w.org\/{rel}","templated":true}]}}

Estatutos, Plan estratégico, Misión, Visión y Valores
