{"id":117,"date":"2022-06-14T07:42:29","date_gmt":"2022-06-14T07:42:29","guid":{"rendered":"http:\/\/masquefarmacia.org\/?page_id=117"},"modified":"2023-07-03T12:48:43","modified_gmt":"2023-07-03T12:48:43","slug":"historia","status":"publish","type":"page","link":"https:\/\/masquefarmacia.org\/index.php\/historia\/","title":{"rendered":"Que es +QFARMACIA"},"content":{"rendered":"\n<p class=\"has-text-align-center\">Asociaci\u00f3n creada en Junio del 2022 por un grupo de 10 personas con vocaci\u00f3n social, que engloba a expertos del mundo sanitario y no sanitario dentro de la Cooperaci\u00f3n, entre los que caben destacar a antiguos miembros de Junta Directiva y colaboradores de Farmac\u00e9uticos Sin Fronteras de Espa\u00f1a, personal sanitario (farmac\u00e9uticos, m\u00e9dicos, enfermer\u00eda) y directivos de la industria farmac\u00e9utica.<\/p>\n\n\n\n<p class=\"has-text-align-center\">La Asociaci\u00f3n tiene como fin fundamental prestar asistencia sanitaria a poblaciones en situaci\u00f3n  de vulnerabilidad social, tanto en pa\u00edses  en v\u00edas de desarrollo como en las bolsas de pobreza de los pa\u00edses desarrollados. <\/p>\n\n\n\n<p class=\"has-text-align-center\">La Asociaci\u00f3n pretende promover el&nbsp;Voluntariado Social&nbsp;y movilizar la&nbsp;conciencia social&nbsp;de&nbsp;Empresas e&nbsp;Instituciones para que se impliquen en el equilibrio de&nbsp;la sociedad en su conjunto, tanto en Espa\u00f1a como fuera de nuestras fronteras.<\/p>\n","protected":false},"excerpt":{"rendered":"<p>Asociaci\u00f3n creada en Junio del 2022 por un grupo de 10 personas con vocaci\u00f3n social, que engloba a expertos del mundo sanitario y no sanitario dentro de la Cooperaci\u00f3n, entre los que caben destacar a antiguos miembros de Junta Directiva y colaboradores de Farmac\u00e9uticos Sin Fronteras de Espa\u00f1a, personal sanitario (farmac\u00e9uticos, m\u00e9dicos, enfermer\u00eda) y directivos [&hellip;]<\/p>\n","protected":false},"author":2,"featured_media":0,"parent":0,"menu_order":0,"comment_status":"closed","ping_status":"closed","template":"","meta":{"_monsterinsights_skip_tracking":false,"_monsterinsights_sitenote_active":false,"_monsterinsights_sitenote_note":"","_monsterinsights_sitenote_category":0,"footnotes":""},"class_list":["post-117","page","type-page","status-publish","hentry"],"aioseo_notices":[],"jetpack_sharing_enabled":true,"_links":{"self":[{"href":"https:\/\/masquefarmacia.org\/index.php\/wp-json\/wp\/v2\/pages\/117","targetHints":{"allow":["GET"]}}],"collection":[{"href":"https:\/\/masquefarmacia.org\/index.php\/wp-json\/wp\/v2\/pages"}],"about":[{"href":"https:\/\/masquefarmacia.org\/index.php\/wp-json\/wp\/v2\/types\/page"}],"author":[{"embeddable":true,"href":"https:\/\/masquefarmacia.org\/index.php\/wp-json\/wp\/v2\/users\/2"}],"replies":[{"embeddable":true,"href":"https:\/\/masquefarmacia.org\/index.php\/wp-json\/wp\/v2\/comments?post=117"}],"version-history":[{"count":9,"href":"https:\/\/masquefarmacia.org\/index.php\/wp-json\/wp\/v2\/pages\/117\/revisions"}],"predecessor-version":[{"id":1207,"href":"https:\/\/masquefarmacia.org\/index.php\/wp-json\/wp\/v2\/pages\/117\/revisions\/1207"}],"wp:attachment":[{"href":"https:\/\/masquefarmacia.org\/index.php\/wp-json\/wp\/v2\/media?parent=117"}],"curies":[{"name":"wp","href":"https:\/\/api.w.org\/{rel}","templated":true}]}}