{"id":2793,"date":"2024-07-31T09:56:21","date_gmt":"2024-07-31T09:56:21","guid":{"rendered":"https:\/\/masquefarmacia.org\/?page_id=2793"},"modified":"2026-03-31T12:12:31","modified_gmt":"2026-03-31T12:12:31","slug":"curso-gestion-del-agua-potable-en-desarrollo","status":"publish","type":"page","link":"https:\/\/masquefarmacia.org\/index.php\/curso-gestion-del-agua-potable-en-desarrollo\/","title":{"rendered":"Curso Gesti\u00f3n del Agua Potable en Desarrollo-5\u00aaEdici\u00f3n"},"content":{"rendered":"\n<figure class=\"wp-block-image size-large is-resized\"><img fetchpriority=\"high\" decoding=\"async\" width=\"1024\" height=\"1024\" src=\"https:\/\/masquefarmacia.org\/wp-content\/uploads\/2026\/03\/curso_aguas_4edicion-1024x1024.png\" alt=\"\" class=\"wp-image-5036\" style=\"width:778px;height:auto\" srcset=\"https:\/\/masquefarmacia.org\/wp-content\/uploads\/2026\/03\/curso_aguas_4edicion-1024x1024.png 1024w, https:\/\/masquefarmacia.org\/wp-content\/uploads\/2026\/03\/curso_aguas_4edicion-300x300.png 300w, https:\/\/masquefarmacia.org\/wp-content\/uploads\/2026\/03\/curso_aguas_4edicion-150x150.png 150w, https:\/\/masquefarmacia.org\/wp-content\/uploads\/2026\/03\/curso_aguas_4edicion-768x768.png 768w, https:\/\/masquefarmacia.org\/wp-content\/uploads\/2026\/03\/curso_aguas_4edicion-600x600.png 600w, https:\/\/masquefarmacia.org\/wp-content\/uploads\/2026\/03\/curso_aguas_4edicion-100x100.png 100w, https:\/\/masquefarmacia.org\/wp-content\/uploads\/2026\/03\/curso_aguas_4edicion.png 1080w\" sizes=\"(max-width: 1024px) 100vw, 1024px\" \/><\/figure>\n\n\n\n<p>M\u00e1s que farmacia lanza la segunda edici\u00f3n del curso <strong>Gesti\u00f3n de Agua Potable en Desarrollo<\/strong> acci\u00f3n formativa que se incluye dentro del programa <strong>+qformaci\u00f3n<\/strong> que tiene la entidad para formar a profesionales de la salud en las habilidades necesarias para desarrollar proyectos de Cooperaci\u00f3n al Desarrollo, Ayuda Humanitaria y Acci\u00f3n Social.<\/p>\n\n\n\n<p><strong>RESUMEN DEL CURSO<\/strong><\/p>\n\n\n\n<p>El curso ofrece conocimientos para una formaci\u00f3n t\u00e9cnica vinculada al \u00e1mbito de la calidad del agua de consumo humano, centrado de forma especial en las comunidades de pa\u00edses en desarrollo en donde se desarrollan actividades de la cooperaci\u00f3n espa\u00f1ola. Se desarrolla en modalidad online y tiene una duraci\u00f3n de dos meses.<\/p>\n\n\n\n<p><strong>OBJETIVOS DEL CURSO<\/strong><\/p>\n\n\n\n<p>\u00b7 Proporcionar los conocimientos b\u00e1sicos sobre la correcta gesti\u00f3n de la calidad del agua potable, desde su localizaci\u00f3n, su control y an\u00e1lisis, hasta los procesos de potabilizaci\u00f3n.<br>\u00b7 Conocer los par\u00e1metros de calidad m\u00e1s importantes y su afectaci\u00f3n sobre la salud del consumidor final.\u00b7 . Conocer las enfermedades m\u00e1s importantes que se transmiten a trav\u00e9s del agua.<br>\u00b7 Conocer los principales procesos para llevar a cabo un control de la calidad del agua a trav\u00e9s de toda la cadena de abastecimiento.<br>. Conocer a trav\u00e9s de proyectos, la forma de trabajar la gesti\u00f3n del agua de pa\u00edses en desarrollo.<\/p>\n\n\n\n<p><strong>A QUI\u00c9N VA DIRIGIDO<\/strong><\/p>\n\n\n\n<p>El curso va dirigido a sanitarios que ejercen su funci\u00f3n en salud p\u00fablica, cooperaci\u00f3n al desarrollo y ayuda humanitaria, as\u00ed como a ingenieros, qu\u00edmicos y otras profesiones cient\u00edfico-t\u00e9cnicas que tengan relaci\u00f3n con el agua potable.<\/p>\n\n\n\n<p><strong>TEMARIO<\/strong><\/p>\n\n\n\n<p>1- El agua: Propiedades y usos.<br>2- Captaci\u00f3n y tratamiento de agua para consumo humano.<br>3- Par\u00e1metros de calidad y an\u00e1lisis del agua de consumo humano.<br>4- Enfermedades de transmisi\u00f3n por agua de consumo contaminada.<br>5- Gesti\u00f3n de riesgos en agua de consumo.<br>6- Modelos de proyectos de aguas de consumo humano en desarrollo.<\/p>\n\n\n\n<p><strong>DURACI\u00d3N<\/strong><\/p>\n\n\n\n<p>El curso comenzar\u00e1 el d\u00eda 21 de abril y tendr\u00e1 una duraci\u00f3n de 2 meses. El formato es online a trav\u00e9s de nuestra plataforma de formaci\u00f3n.<\/p>\n\n\n\n<p><strong>COSTE<\/strong><\/p>\n\n\n\n<p>El coste del curso es de 120 \u20ac. Gracias a la colaboraci\u00f3n de la <strong>Fundaci\u00f3n ASISA<\/strong>, el curso est\u00e1 subvencionado y tiene <strong>un coste de 90 \u20ac<\/strong><\/p>\n\n\n\n<div class=\"wp-block-buttons is-layout-flex wp-block-buttons-is-layout-flex\">\n<div class=\"wp-block-button\"><a class=\"wp-block-button__link wp-element-button\" href=\"https:\/\/buy.stripe.com\/00g28Z0BB9Them49AF\">Quiero matricularme<\/a><\/div>\n<\/div>\n","protected":false},"excerpt":{"rendered":"<p>M\u00e1s que farmacia lanza la segunda edici\u00f3n del curso Gesti\u00f3n de Agua Potable en Desarrollo acci\u00f3n formativa que se incluye dentro del programa +qformaci\u00f3n que tiene la entidad para formar a profesionales de la salud en las habilidades necesarias para desarrollar proyectos de Cooperaci\u00f3n al Desarrollo, Ayuda Humanitaria y Acci\u00f3n Social. RESUMEN DEL CURSO El [&hellip;]<\/p>\n","protected":false},"author":1,"featured_media":0,"parent":0,"menu_order":0,"comment_status":"closed","ping_status":"closed","template":"","meta":{"_monsterinsights_skip_tracking":false,"_monsterinsights_sitenote_active":false,"_monsterinsights_sitenote_note":"","_monsterinsights_sitenote_category":0,"footnotes":""},"class_list":["post-2793","page","type-page","status-publish","hentry"],"aioseo_notices":[],"jetpack_sharing_enabled":true,"_links":{"self":[{"href":"https:\/\/masquefarmacia.org\/index.php\/wp-json\/wp\/v2\/pages\/2793","targetHints":{"allow":["GET"]}}],"collection":[{"href":"https:\/\/masquefarmacia.org\/index.php\/wp-json\/wp\/v2\/pages"}],"about":[{"href":"https:\/\/masquefarmacia.org\/index.php\/wp-json\/wp\/v2\/types\/page"}],"author":[{"embeddable":true,"href":"https:\/\/masquefarmacia.org\/index.php\/wp-json\/wp\/v2\/users\/1"}],"replies":[{"embeddable":true,"href":"https:\/\/masquefarmacia.org\/index.php\/wp-json\/wp\/v2\/comments?post=2793"}],"version-history":[{"count":12,"href":"https:\/\/masquefarmacia.org\/index.php\/wp-json\/wp\/v2\/pages\/2793\/revisions"}],"predecessor-version":[{"id":5039,"href":"https:\/\/masquefarmacia.org\/index.php\/wp-json\/wp\/v2\/pages\/2793\/revisions\/5039"}],"wp:attachment":[{"href":"https:\/\/masquefarmacia.org\/index.php\/wp-json\/wp\/v2\/media?parent=2793"}],"curies":[{"name":"wp","href":"https:\/\/api.w.org\/{rel}","templated":true}]}}

Curso Gestión del Agua Potable en Desarrollo-5ªEdición

<figure class="wp-block-image size-large is-resized"><img fetchpriority="high" decoding="async" width="1024" height="1024" src="https://masquefarmacia.org/wp-content/uploads/2026/03/curso_aguas_4edicion-1024x1024.png" alt="" class="wp-image-5036" style="width:778px;height:auto" srcset="https://masquefarmacia.org/wp-content/uploads/2026/03/curso_aguas_4edicion-1024x1024.png 1024w, https://masquefarmacia.org/wp-content/uploads/2026/03/curso_aguas_4edicion-300x300.png 300w, https://masquefarmacia.org/wp-content/uploads/2026/03/curso_aguas_4edicion-150x150.png 150w, https://masquefarmacia.org/wp-content/uploads/2026/03/curso_aguas_4edicion-768x768.png 768w, https://masquefarmacia.org/wp-content/uploads/2026/03/curso_aguas_4edicion-600x600.png 600w, https://masquefarmacia.org/wp-content/uploads/2026/03/curso_aguas_4edicion-100x100.png 100w, https://masquefarmacia.org/wp-content/uploads/2026/03/curso_aguas_4edicion.png 1080w" sizes="(max-width: 1024px) 100vw, 1024px" /></figure>



<p>Más que farmacia lanza la segunda edición del curso <strong>Gestión de Agua Potable en Desarrollo</strong> acción formativa que se incluye dentro del programa <strong>+qformación</strong> que tiene la entidad para formar a profesionales de la salud en las habilidades necesarias para desarrollar proyectos de Cooperación al Desarrollo, Ayuda Humanitaria y Acción Social.</p>



<p><strong>RESUMEN DEL CURSO</strong></p>



<p>El curso ofrece conocimientos para una formación técnica vinculada al ámbito de la calidad del agua de consumo humano, centrado de forma especial en las comunidades de países en desarrollo en donde se desarrollan actividades de la cooperación española. Se desarrolla en modalidad online y tiene una duración de dos meses.</p>



<p><strong>OBJETIVOS DEL CURSO</strong></p>



<p>· Proporcionar los conocimientos básicos sobre la correcta gestión de la calidad del agua potable, desde su localización, su control y análisis, hasta los procesos de potabilización.<br>· Conocer los parámetros de calidad más importantes y su afectación sobre la salud del consumidor final.· . Conocer las enfermedades más importantes que se transmiten a través del agua.<br>· Conocer los principales procesos para llevar a cabo un control de la calidad del agua a través de toda la cadena de abastecimiento.<br>. Conocer a través de proyectos, la forma de trabajar la gestión del agua de países en desarrollo.</p>



<p><strong>A QUIÉN VA DIRIGIDO</strong></p>



<p>El curso va dirigido a sanitarios que ejercen su función en salud pública, cooperación al desarrollo y ayuda humanitaria, así como a ingenieros, químicos y otras profesiones científico-técnicas que tengan relación con el agua potable.</p>



<p><strong>TEMARIO</strong></p>



<p>1- El agua: Propiedades y usos.<br>2- Captación y tratamiento de agua para consumo humano.<br>3- Parámetros de calidad y análisis del agua de consumo humano.<br>4- Enfermedades de transmisión por agua de consumo contaminada.<br>5- Gestión de riesgos en agua de consumo.<br>6- Modelos de proyectos de aguas de consumo humano en desarrollo.</p>



<p><strong>DURACIÓN</strong></p>



<p>El curso comenzará el día 21 de abril y tendrá una duración de 2 meses. El formato es online a través de nuestra plataforma de formación.</p>



<p><strong>COSTE</strong></p>



<p>El coste del curso es de 120 €. Gracias a la colaboración de la <strong>Fundación ASISA</strong>, el curso está subvencionado y tiene <strong>un coste de 90 €</strong></p>



<div class="wp-block-buttons is-layout-flex wp-block-buttons-is-layout-flex">
<div class="wp-block-button"><a class="wp-block-button__link wp-element-button" href="https://buy.stripe.com/00g28Z0BB9Them49AF">Quiero matricularme</a></div>
</div>

<p>Más que farmacia lanza la segunda edición del curso Gestión de Agua Potable en Desarrollo acción formativa que se incluye dentro del programa +qformación que tiene la entidad para formar a profesionales de la salud en las habilidades necesarias para desarrollar proyectos de Cooperación al Desarrollo, Ayuda Humanitaria y Acción Social. RESUMEN DEL CURSO El [&hellip;]</p>
