{"id":4394,"date":"2025-12-05T20:49:11","date_gmt":"2025-12-05T20:49:11","guid":{"rendered":"https:\/\/masquefarmacia.org\/?post_type=product&#038;p=4394"},"modified":"2025-12-10T18:02:31","modified_gmt":"2025-12-10T18:02:31","slug":"juegos-de-cartas","status":"publish","type":"product","link":"https:\/\/masquefarmacia.org\/index.php\/producto\/juegos-de-cartas\/","title":{"rendered":"Juegos de Cartas"},"content":{"rendered":"<p><strong>Juegos de Cartas:<\/strong>\u00a0Los juegos de cartas son una herramienta excelente para la estimulaci\u00f3n neurol\u00f3gica en personas mayores, ya que favorecen la memoria, la atenci\u00f3n y la toma de decisiones. Permiten trabajar funciones cognitivas de forma din\u00e1mica y divertida, retrasando el deterioro y fortaleciendo conexiones neuronales. Adem\u00e1s, fomentan el pensamiento estrat\u00e9gico y la coordinaci\u00f3n ojo-mano. M\u00e1s all\u00e1 de los beneficios cognitivos, el juego compartido reduce la sensaci\u00f3n de soledad y promueve la interacci\u00f3n social significativa. En conjunto, constituyen una actividad accesible, motivadora y con alto impacto en el bienestar integral de los mayores.<\/p>\n","protected":false},"excerpt":{"rendered":"<p>Juegos de catas para el proyecto &#8220;Juegos contra la Soledad&#8221;<\/p>\n","protected":false},"featured_media":4395,"comment_status":"open","ping_status":"closed","template":"","meta":{"_monsterinsights_skip_tracking":false,"_monsterinsights_sitenote_active":false,"_monsterinsights_sitenote_note":"","_monsterinsights_sitenote_category":0},"product_brand":[],"product_cat":[33],"product_tag":[],"class_list":{"0":"post-4394","1":"product","2":"type-product","3":"status-publish","4":"has-post-thumbnail","6":"product_cat-juegacontralasoledad","8":"first","9":"instock","10":"virtual","11":"purchasable","12":"product-type-simple"},"aioseo_notices":[],"jetpack_sharing_enabled":true,"_links":{"self":[{"href":"https:\/\/masquefarmacia.org\/index.php\/wp-json\/wp\/v2\/product\/4394","targetHints":{"allow":["GET"]}}],"collection":[{"href":"https:\/\/masquefarmacia.org\/index.php\/wp-json\/wp\/v2\/product"}],"about":[{"href":"https:\/\/masquefarmacia.org\/index.php\/wp-json\/wp\/v2\/types\/product"}],"replies":[{"embeddable":true,"href":"https:\/\/masquefarmacia.org\/index.php\/wp-json\/wp\/v2\/comments?post=4394"}],"wp:featuredmedia":[{"embeddable":true,"href":"https:\/\/masquefarmacia.org\/index.php\/wp-json\/wp\/v2\/media\/4395"}],"wp:attachment":[{"href":"https:\/\/masquefarmacia.org\/index.php\/wp-json\/wp\/v2\/media?parent=4394"}],"wp:term":[{"taxonomy":"product_brand","embeddable":true,"href":"https:\/\/masquefarmacia.org\/index.php\/wp-json\/wp\/v2\/product_brand?post=4394"},{"taxonomy":"product_cat","embeddable":true,"href":"https:\/\/masquefarmacia.org\/index.php\/wp-json\/wp\/v2\/product_cat?post=4394"},{"taxonomy":"product_tag","embeddable":true,"href":"https:\/\/masquefarmacia.org\/index.php\/wp-json\/wp\/v2\/product_tag?post=4394"}],"curies":[{"name":"wp","href":"https:\/\/api.w.org\/{rel}","templated":true}]}}